 82 - 659. Let j = 1212 + o. Is j a composite number?
True
Let o = 20759 - 11806. Is o a prime number?
False
Let z = -29890 - -69989. Is z composite?
False
Is ((-4)/8*1)/((-9)/405342) a prime number?
False
Let x(r) = r**3 + 27*r**2 + 17*r - 76. Is x(-23) composite?
True
Let n = 3 - 3. Suppose c + 3 = -4*v + 19, n = -4*v + 5*c + 40. Let o(m) = 12*m**2 - 5*m - 6. Is o(v) a prime number?
True
Suppose 91*j + 51640 = 3608739. Is j prime?
True
Suppose -4*u = -8*u - 0*u. Suppose -6*v + 3684 + 6150 = u. Is v a prime number?
False
Suppose -5*w = -4*q - 24031, 4*w - 7502 = 5*q + 11730. Is w a composite number?
True
Let m(s) be the first derivative of 1 + 3/2*s**2 + 3*s - s**3 - 1/2*s**4. Is m(-3) prime?
False
Let y be 75/(-6)*(-5736)/30. Suppose 4*b + 5*n + 4540 = 9*b, 2*b + 3*n - 1806 = 0. Suppose b = -4*w + y. Is w composite?
True
Suppose 0 = 57*j - 52*j - 5*x - 19815, 3*j - 4*x - 11885 = 0. Is j a prime number?
True
Let h(c) = -11*c**2 + 9*c + 27. Let s(k) = 44*k**2 - 37*k - 106. Let y(f) = -9*h(f) - 2*s(f). Is y(-7) a composite number?
False
Let q(l) = 56*l - 99. Let f(o) = -19*o + 33. Let c(m) = -7*f(m) - 2*q(m). Let a be (5 - (3 - 2))*4*1. Is c(a) a prime number?
False
Let z(j) = -1581*j - 45. Is z(-8) a prime number?
False
Suppose 4*c + 0*c + 612 = 0. Let t = -68 - c. Is t composite?
True
Suppose -2*j = 4*r + 50, 5*r + 44 = -2*j - 17. Let p(n) = 5*n**2 - 10*n + 12. Let g be p(r). Suppose -g - 909 = -4*d. Is d a prime number?
True
Let x(l) = 10 - 11 - 24 + 2*l**2 + 10*l. Let m(g) = -14*g**3 - 3*g**2 - 5*g - 3. Let z be m(-1). Is x(z) prime?
True
Let j be ((-1)/2)/(2/(-60) - 0). Is 3 - (0 - -1 - (j - -284)) prime?
False
Let t(v) be the third derivative of -v**5/60 - v**4/24 + 215*v**3/6 - 3*v**2. Is t(0) a prime number?
False
Let b = -213 + 5074. Is b a composite number?
False
Suppose -4*r + 3*j = -16, -5*r + 3*j + 27 = 7. Suppose 0 = -r*u - 1 + 17. Suppose 0 = u*k - 27 - 121. Is k a composite number?
False
Let z(i) = -11*i**3 + 11*i**2 + 13*i - 12. Is z(-11) a prime number?
True
Let x(t) = -5*t + 3. Let j be 256/14 - (-4)/(-14). Suppose -j = 5*l - 2*l. Is x(l) a composite number?
True
Let b = -44 - -37. Let p(z) = z**2 - 4*z + 6. Let n be p(b). Let d = 120 - n. Is d a prime number?
True
Let x be 48/((-2)/((-48)/(-9))). Let p = -31 - x. Suppose -p - 24 = -f. Is f a composite number?
True
Let c = -1018 + 2232. Is c a composite number?
True
Suppose -k = 4*m + 10, 3*k - 35 = k + 3*m. Suppose -5*h + 10 = -k. Suppose -h*w + s + 207 = 0, -106 = -3*w - 4*s + 73. Is w composite?
False
Suppose -4*z = -2*w - z + 14, -5*w = -3*z - 26. Suppose -5*d = 3*b - 22, 5*d - 5*b + 14 = w. Suppose -r - 701 = -d*r + 2*m, 1426 = 2*r + 4*m. Is r composite?
True
Is (-3066888)/(-176)*2/3 a composite number?
False
Let l = 13 - 47. Let h = -293 + 57. Is l/(-1*(-8)/h) prime?
False
Let m be 6/(-15) + (-18)/(-45). Is 1 - -2412 - m/2 a prime number?
False
Let b = -749 + 1049. Suppose -5*h = 5, 2*v - 2*h + 0*h = b. Is v a composite number?
False
Suppose 393*g + 421841 = 442*g. Is g prime?
True
Let j be 2 - ((-6)/2 + 0). Suppose -j*g = 180 + 65. Is (g/(-4))/(3/12) a composite number?
True
Suppose -u = 3*v - 3*u - 1323, 3*v - u - 1323 = 0. Suppose 0 = -8*z + 1137 - v. Is z a prime number?
False
Is (-2029729)/(-156) - (-2)/(-24) prime?
False
Is 6*-89*(-4)/24 prime?
True
Suppose -x = -3*x - 76. Let c = 182 - x. Suppose 0 = -b - 3*w + 28, -4*b = w + 53 - c. Is b prime?
True
Let u(c) = -4730*c**3 + c**2 - 11*c - 17. Is u(-2) a prime number?
False
Suppose -11829 = -27*g + 21678. Is g a prime number?
False
Let i = 343682 - 179553. Is i a prime number?
False
Let i = 244 - 236. Let j(v) = -13*v**3 + 15*v**2 + 7*v - 34. Let h(g) = -7*g**3 + 8*g**2 + 3*g - 17. Let l(y) = 11*h(y) - 6*j(y). Is l(i) composite?
True
Let s = 1 - -3. Let g = -13 - -11. Is g + 1/(s/132) a prime number?
True
Is (-2)/((-24)/(-16252))*15/(-5) composite?
True
Let y(d) = 737*d**2 + 3*d - 1. Suppose 0 = 4*s + 5*s - 9. Is y(s) prime?
True
Suppose d - 4*z - 17481 = 0, d + z = -2*z + 17453. Suppose -12*g = -5*g - d. Is g prime?
False
Let b(i) = -994*i + 37. Is b(-19) composite?
True
Let i(p) = 2*p**2 + 11*p + 7. Suppose s - 2*o + 6 = -9, o + 5 = -2*s. Let v be i(s). Is v/(-6) + 5808/36 composite?
True
Is (-37940)/(-6) - (-5)/(-15) a composite number?
False
Let k = -21 + 26. Suppose k*o - 514 - 741 = 0. Is o a composite number?
False
Suppose -254036 + 1038424 = 44*x. Is x prime?
True
Let d be 872/(-12) - 4/(-6). Let r = d - -125. Is r composite?
False
Let x = -24 - -26. Suppose p - 1215 = -x*p. Suppose -4*v = m + v - 60, 0 = -5*m - 4*v + p. Is m composite?
True
Let m(h) = h**3 - 8*h**2 - 25*h + 3. Let u be 8/(4 + (11/(-2) - -2)). Is m(u) a composite number?
True
Suppose q - 3*y - 25 = -4*q, 0 = 2*y + 10. Suppose 5*t - 1340 = r - 5*r, 0 = 2*r + q*t - 670. Is r a prime number?
False
Let v(o) be the second derivative of -o**5/5 + o**4/4 + 7*o**3/6 - 9*o**2/2 - 25*o. Is v(-4) a prime number?
False
Let m(s) = -78*s - 27. Is m(-2) composite?
True
Suppose 3*n - 4 = w - 14, -2*n + 20 = w. Let h(p) = 32*p + 35. Is h(w) composite?
False
Let r be 1/1 - -3 - 0. Suppose 3*c - r*o + 147 - 638 = 0, 0 = -4*c - 5*o + 603. Is c composite?
False
Suppose -6*i + 7677 - 585 = 0. Suppose -5*s = 3*d - i, 0 = -2*d - s - 3*s + 788. Suppose -d = -4*h + 250. Is h prime?
False
Let u be 1/(-2*(-2)/36). Let j = -22 + u. Let c = 32 + j. Is c composite?
False
Is ((-77)/(-7))/(-4 + (-72625)/(-18155)) prime?
False
Let p = 14 - 18. Let o be 12/(-8) - 54/p. Suppose 0 = -3*r + o, -532 = -4*v + 3*r + 196. Is v prime?
False
Let p = 27 + -24. Suppose -12 = -p*y - 3*y. Suppose -27 = -3*t + 5*d, 2*d = y*t - 29 + 7. Is t prime?
False
Let w be (-3)/(-2) + 2/4. Suppose 2*p = 5*n - 32, 6 + 2 = w*p + 5*n. Let i(q) = -q**2 - 13*q + 7. Is i(p) a composite number?
True
Suppose -4*v - 4*p + 120 = p, -5*p = 2*v - 70. Let o = v - 29. Is 211/(-1)*(3 + o) prime?
True
Let x = 293 + 194. Is x composite?
False
Suppose 0*y + 2*y = -c + 1, -3*c - 5*y = -5. Suppose 4*n + 4*i - 7386 = 2*i, 15 = c*i. Suppose 2*g + 599 = n. Is g composite?
True
Let j(x) = -x**3 + 11*x**2 + 13*x + 3. Let a be j(12). Let g(n) = -n**3 + 18*n**2 - 3*n + 1. Is g(a) composite?
False
Suppose -z + 197 = 3*d + 2*d, -213 = -z + 3*d. Suppose 0 = o - 5*i - 117 - z, -3*o + 3*i + 912 = 0. Is o prime?
False
Suppose -y - 7942 = -3*y - 4*n, -11903 = -3*y - 4*n. Is y a composite number?
True
Suppose -11 = -k - c, 0*k - k + 7 = -c. Suppose y - k = 867. Suppose -y = -4*u + 2*s, -4*u + 104 = 5*s - 800. Is u composite?
True
Let q(k) be the second derivative of -k**5/20 - k**4/6 + k**3 + 9*k**2/2 - 7*k. Let m be q(-4). Suppose -2*j - m + 211 = 0. Is j prime?
True
Let o(y) = 2*y**2 - 23*y - 17. Let v be o(12). Is (5/v)/1*-1393 a composite number?
True
Suppose 4*w - 267714 = p - 56723, -210979 = -4*w - 3*p. Is w composite?
False
Suppose l - 272 = 2*x + 3*l, 2*x - l + 284 = 0. Is (-5*49/x)/((-2)/(-1432)) prime?
False
Suppose 18*d + 19884 = 24*d. Is d a composite number?
True
Is 5 + (-182295)/(-36) - 2/(-8) a prime number?
False
Let d = -1515 - -2240. Let j = d + -168. Is j a prime number?
True
Let k = -48 - -68. Suppose 4*t + t - k = 0. Suppose 0 = -t*m - m + 1885. Is m prime?
False
Let i(s) = -6*s - 5. Let l(b) = -b. Let h(w) = i(w) - 5*l(w). Let k be h(-4). Let a(c) = 372*c**2 + 1. Is a(k) a composite number?
False
Suppose 3*v + 0*v + 7 = 2*i, -12 = 3*i + 3*v. Is (3 + i)/(2/521) a prime number?
True
Let w(r) = 2*r**3 + 92*r**2 + 6*r + 34. Is w(-42) a composite number?
True
Let b(o) = 3*o**3 - 4*o + 5. Let f(t) = 4*t**3 - t**2 - 4*t + 5. Let s(c) = 3*b(c) - 2*f(c). Let d be 78/24 + 3/4. Is s(d) a prime number?
False
Suppose 3*n + 3*k = 8*n - 16295, 0 = 2*n - k - 6518. Is n a composite number?
False
Suppose -4 = -2*i + 2. Let x be i/(-2) + (-2149)/(-14). Suppose -3*y + 70 = -x. Is y a prime number?
False
Is ((-30)/6 - -110)*(-1)/(-3) a composite number?
True
Let n = -22 - -19. Let v be (-15)/(-6)*(-17 - n). Is (-6)/(-10) + (-1204)/v composite?
True
Let d(m) = m - 9. Let j = 25 - 11. Let x be d(j). Suppose -x*l + 10*l + 41 = v, l + 4 = 0. Is v prime?
False
Let m(q) = -q**3 + 4*q**2 - 5*q + 8. Let p be m(3). Let j be -2 + (8 - p) + -1. Suppose 0 = 5*a - 5, 2*i - a = j*a + 778. Is i a prime number?
False
Suppose -5*t = 5*h - 35, 0